10000111 (base 2) to base 5.
-12103
1525 (base 11) to base 3
2200201
What is d90 (base 14) in base 4?
221302
What is 1000010 (base 2) in base 8?
102
What is 10ab (base 13) in base 8?
4442
What is -c7b8 (base 15) in base 3?
-2010221202
What is 2cc (base 15) in base 3?
212210
Convert -2031 (base 12) to base 3.
-11210101
Convert -b8a (base 13) to base 5.
-30343
-13150 (base 7) to base 12
-204a
-121 (base 15) to base 8
-400
9210 (base 16) to base 12
19780
What is 409 (base 10) in base 14?
213
What is -311123 (base 4) in base 9?
-4618
What is -973 (base 10) in base 7?
-2560
What is 1331143 (base 5) in base 13?
c408
Convert -20704 (base 9) to base 10.
-13693
What is 8732 (base 9) in base 13?
2c06
What is -436 (base 14) in base 6?
-3504
Convert 254 (base 13) to base 6.
1515
What is -41 (base 13) in base 14?
-3b
Convert b9a (base 14) to base 16.
8f4
3a (base 15) to base 13
43
146442 (base 7) to base 6
340503
What is -1405 (base 9) in base 4?
-100202
Convert 16ccc (base 13) to base 2.
1010101110100011
-8220 (base 12) to base 15
-42c6
2816 (base 10) to base 8
5400
Convert -8687 (base 13) to base 5.
-1044301
-403 (base 15) to base 11
-751
Convert -59a (base 16) to base 13.
-864
3400141 (base 5) to base 14
17925
Convert 1234d (base 14) to base 13.
1738a
What is -20011200 (base 3) in base 4?
-1012110
Convert 12046 (base 9) to base 14.
2d1b
16cb (base 14) to base 12
2457
What is -11ca (base 13) in base 14?
-ccc
What is -16a94 (base 11) in base 8?
-56604
Convert -2245 (base 10) to base 15.
-9ea
Convert -2 (base 8) to base 16.
-2
10142 (base 5) to base 7
1650
What is -1c4 (base 15) in base 13?
-256
14086 (base 13) to base 3
1220101101
Convert -211321 (base 4) to base 10.
-2425
-457 (base 13) to base 14
-3b6
What is -a2 (base 14) in base 12?
-ba
1290 (base 13) to base 3
10122020
Convert 17242 (base 10) to base 7.
101161
What is -1001001101011 (base 2) in base 15?
-15e5
What is -9754 (base 15) in base 14?
-b95b
What is -10002 (base 4) in base 8?
-402
Convert b88 (base 14) to base 12.
1398
What is -2b0 (base 16) in base 8?
-1260
-52 (base 6) to base 10
-32
Convert 100210 (base 3) to base 4.
10020
36652 (base 7) to base 2
10010101111000
Convert 5321 (base 6) to base 7.
3334
What is 36 (base 9) in base 14?
25
723 (base 11) to base 15
3d2
7b3 (base 12) to base 3
1120100
-3341 (base 11) to base 3
-20001000
Convert 152 (base 15) to base 11.
255
What is 36532 (base 8) in base 9?
23481
Convert 13a (base 15) to base 11.
235
What is -200 (base 8) in base 2?
-10000000
Convert 366 (base 10) to base 4.
11232
Convert -10 (base 6) to base 13.
-6
410311 (base 5) to base 4
3032112
Convert -3230 (base 6) to base 10.
-738
440 (base 10) to base 6
2012
Convert 3011202 (base 4) to base 9.
18306
3134442 (base 5) to base 4
30310101
Convert -11330 (base 8) to base 15.
-1669
What is -18469 (base 10) in base 12?
-a831
Convert 280 (base 9) to base 7.
453
Convert -12210102 (base 3) to base 13.
-1bcb
What is -2532 (base 6) in base 2?
-1001111000
What is 1110 (base 9) in base 7?
2250
What is -250 (base 7) in base 14?
-97
What is -1dc8 (base 14) in base 7?
-21641
Convert -2339 (base 10) to base 4.
-210203
What is 4827 (base 10) in base 11?
3699
What is -4f (base 16) in base 2?
-1001111
Convert -468 (base 9) to base 8.
-602
31766 (base 8) to base 5
411202
What is 1312 (base 4) in base 3?
11101
What is -11000101001 (base 2) in base 14?
-809
-5737 (base 8) to base 14
-1171
d1c2 (base 14) to base 8
106306
Convert 518 (base 11) to base 13.
390
3100022 (base 4) to base 15
3e32
What is -234d (base 16) in base 12?
-5291
4312 (base 9) to base 8
6142
Convert 361052 (base 7) to base 6.
1221515
What is 4ca (base 13) in base 4?
31022
What is -11121 (base 4) in base 8?
-531
What is -50216 (base 7) in base 6?
-132032
What is 113014 (base 5) in base 2?
1000000100110
What is -a634 (base 15) in base 10?
-35149
-442242 (base 5) to base 10
-15322
What is 1433 (base 7) in base 15?
278
What is 1974b (base 12) in base 8?
110753
12762 (base 12) to base 13
b672
-11333 (base 8) to base 9
-6553
-215 (base 13) to base 5
-2411
Convert 12b21 (base 12) to base 8.
62311
Convert 1a2 (base 13) to base 16.
12d
What is 312 (base 11) in base 2?
101111000
Convert 1bc7 (base 15) to base 5.
143122
What is -29d4 (base 16) in base 2?
-10100111010100
What is -541 (base 12) in base 4?
-30001
What is -a78 (base 11) in base 15?
-5b5
What is 1393 (base 13) in base 14?
105a
-407 (base 11) to base 12
-34b
What is 62c (base 13) in base 9?
1388
What is -43a (base 11) in base 3?
-201112
What is -3101 (base 8) in base 3?
-2012022
21031 (base 6) to base 12
1777
-212510 (base 6) to base 3
-212221220
Convert -2331 (base 8) to base 9.
-1628
What is 13634 (base 13) in base 16?
8d71
Convert -1e95 (base 16) to base 2.
-1111010010101
What is -171 (base 15) in base 8?
-513
-303411 (base 6) to base 16
-5e3f
-1017 (base 8) to base 4
-20033
-8a1c (base 14) to base 6
-302454
What is 100100110100001 (base 2) in base 5?
1100344
11bb9 (base 12) to base 5
1233224
What is ca (base 15) in base 12?
13a
Convert -7 (base 15) to base 8.
-7
-12154 (base 6) to base 16
-706
Convert -647 (base 9) to base 2.
-1000010001
Convert 2321101 (base 5) to base 13.
1618a
Convert 101100100001 (base 2) to base 6.
21105
1002131 (base 4) to base 11
3217
What is -7029 (base 12) in base 7?
-50235
Convert -1100 (base 4) to base 6.
-212
Convert 17bb5 (base 13) to base 4.
23031323
Convert 20b9 (base 13) to base 6.
33014
Convert -1101001001 (base 2) to base 16.
-349
-47d6 (base 15) to base 16
-3bac
1 (base 6) to base 3
1
What is 1320 (base 10) in base 16?
528
-13412 (base 5) to base 3
-1112000
Convert 18a (base 15) to base 4.
11203
What is -21221 (base 4) in base 15?
-2b2
Convert -aba (base 14) to base 9.
-2820
What is 620 (base 7) in base 10?
308
What is 5606 (base 8) in base 10?
2950
What is 110335 (base 8) in base 9?
55775
What is 20030 (base 4) in base 15?
24e
Convert 3211 (base 5) to base 7.
1154
1903 (base 10) to base 2
11101101111
Convert 95b (base 16) to base 4.
211123
What is -23230 (base 4) in base 11?
-620
312 (base 13) to base 4
20022
What is 12377 (base 9) in base 7?
33202
What is 4386 (base 12) in base 16?
1d16
Convert -14113 (base 5) to base 10.
-1158
-959 (base 12) to base 13
-810
What is 2f67 (base 16) in base 7?
50244
-124241 (base 7) to base 12
-11458
What is -3647 (base 11) in base 7?
-16623
Convert 20011 (base 8) to base 15.
266b
Convert 3062 (base 16) to base 15.
3a0b
What is -6e7f (base 16) in base 13?
-cb4c
What is 121313 (base 4) in base 12?
b5b
What is 4566 (base 15) in base 3?
202012020
What is 581 (base 16) in base 7?
4052
-3a6 (base 11) to base 2
-111011111
-9345 (base 14) to base 9
-37681
Convert -18a (base 13) to base 8.
-433
10020110 (base 3) to base 11
1857
What is -264 (base 7) in base 2?
-10010000
Convert 1469 (base 11) to base 9.
2530
What is -46052 (base 9) in base 15?
-9145
What is 5c20 (base 13) in base 14?
4a75
Convert -5737 (base 8) to base 4.
-233133
2598 (base 10) to base 14
d38
Convert -1010 (base 7) to base 6.
-1342
2b8 (base 15) to base 4
21233
Convert 11437 (base 11) to base 9.
24558
What is -295d (base 15) in base 6?
-105011
What is 1402 (base 6) in base 3?
111102
Convert 7d28 (base 14) to base 7.
120351
Convert -3131013 (base 4) to base 8.
-33507
Convert -332020 (base 4) to base 7.
-14410
-16160 (base 8) to base 16
-1c70
Convert 5041 (base 6) to base 16.
451
Convert -44a1 (base 11) to base 13.
-2904
Convert 3ba5 (base 12) to base 15.
2098
What is 200201 (base 3) in base 9?
621
Convert -3431 (base 5) to base 11.
-407
Convert -2766 (base 8) to base 11.
-1168
Convert 23220 (base 5) to base 7.
4625
-22945 (base 12) to base 3
-2100110222
-851 (base 16) to base 14
-ac1
862 (base 14) to base 2
11001110110
Convert 4430 (base 5) to base 14.
31d
What is 2e0 (base 15) in base 2?
1010010100
What is 411 (base 13) in base 15?
310
What is 10002222211 (base 3) in base 10?
61231
Convert -100010000010010 (base 2) to base 13.
-7c16
2127 (base 8) to base 14
595
833 (base 15) to base 3
2112110
Convert -1242332 (base 5) to base 13.
-b334
908 (base 15) to base 12
1215
What is -28a5 (base 12) in base 5?
-122413
What is 3012 (base 4) in base 10?
198
Convert 75b6 (base 15) to base 13.
b460
131 (base 6) to base 3
2001
-22111 (base 3) to base 11
-199
What is -22222